{"id":6647,"date":"2022-12-21T16:39:25","date_gmt":"2022-12-21T16:39:25","guid":{"rendered":"https:\/\/www.acaoparamita.com.br\/?page_id=6647"},"modified":"2025-09-03T22:39:41","modified_gmt":"2025-09-04T01:39:41","slug":"iluminacao-buda-2022","status":"publish","type":"page","link":"https:\/\/acaoparamita.com.br\/en\/iluminacao-buda-2022\/","title":{"rendered":"Retiro da Ilumina\u00e7\u00e3o do Buda 2022"},"content":{"rendered":"<p>Teachings by Lama Padma Samten in the <strong>Retiro | Ilumina\u00e7\u00e3o do Buda 2022<\/strong>, transmitido ao vivo nos dias 01 a 08 de dezembro de 2022<\/p>\n\n\n\n<h3 class=\"wp-block-heading\">Lista de sess\u00f5es<\/h3>\n\n\n\n<p><\/p>\n\n\n\n<h4 class=\"wp-block-heading\">Os hor\u00e1rios e a programa\u00e7\u00e3o dos retiros est\u00e3o sujeitos a altera\u00e7\u00f5es<\/h4>\n\n\n\n<p>quinta| 01\/12\/22<br><a href=\"https:\/\/youtu.be\/U4ND1WV-pt8\" target=\"_blank\" rel=\"noreferrer noopener\">Sess\u00e3o #1<\/a><br><a href=\"https:\/\/youtu.be\/pPR-QsmWkkI\" target=\"_blank\" rel=\"noreferrer noopener\">Sess\u00e3o #1,5<\/a><\/p>\n\n\n\n<p>sexta | 02\/12\/22<br><a href=\"https:\/\/youtu.be\/WXchvqF-Pnc\" target=\"_blank\" rel=\"noreferrer noopener\">Sess\u00e3o #2<\/a><br><\/p>\n\n\n\n<p>s\u00e1bado | 03\/12\/22<br><a href=\"https:\/\/youtu.be\/E82o_dESYLk\" target=\"_blank\" rel=\"noreferrer noopener\">Sess\u00e3o #3<\/a><br><a href=\"https:\/\/youtu.be\/OaBtSRFiF2Q\" target=\"_blank\" rel=\"noreferrer noopener\">Sess\u00e3o #3,5<\/a><br><br>domingo | 04\/12\/22<br><a href=\"https:\/\/youtu.be\/MjJAqGFkS1s\" target=\"_blank\" rel=\"noreferrer noopener\">Sess\u00e3o #4<\/a><br><a href=\"https:\/\/youtu.be\/ZCIs_HUA1hI\" target=\"_blank\" rel=\"noreferrer noopener\">Sess\u00e3o #4,5<\/a><br><\/p>\n\n\n\n<p>segunda | 05\/12\/22<br><a href=\"https:\/\/youtu.be\/_CND0VqG0RM\" target=\"_blank\" rel=\"noreferrer noopener\">Sess\u00e3o #5<\/a><br><\/p>\n\n\n\n<p>ter\u00e7a | 06\/12\/22<br><a href=\"https:\/\/youtu.be\/gZbCODmaroo\" target=\"_blank\" rel=\"noreferrer noopener\">Sess\u00e3o #6<\/a><br><a href=\"https:\/\/youtu.be\/dXnHQkkH8Bo\" target=\"_blank\" rel=\"noreferrer noopener\">Sess\u00e3o #6,5<\/a><br><\/p>\n\n\n\n<p>quarta | 07\/12\/22<br><a href=\"https:\/\/youtu.be\/fPEoJ0HIWBk\" target=\"_blank\" rel=\"noreferrer noopener\">Sess\u00e3o #7<\/a><br><a href=\"https:\/\/youtu.be\/xqBNcOJ1y3Y\" target=\"_blank\" rel=\"noreferrer noopener\">Sess\u00e3o #7,5<\/a><br><\/p>\n\n\n\n<p>quinta | 08\/12\/22<br><a href=\"https:\/\/youtu.be\/GI3ih1nKmgY\" target=\"_blank\" rel=\"noreferrer noopener\">Sess\u00e3o #8<\/a><\/p>\n\n\n\n<p><br><\/p>","protected":false},"excerpt":{"rendered":"<p>Ensinamentos com Lama Padma Samten no Retiro | Ilumina\u00e7\u00e3o do Buda 2022, transmitido ao vivo nos dias 01 a 08 de dezembro de 2022 Lista de sess\u00f5es Os hor\u00e1rios e a programa\u00e7\u00e3o dos retiros est\u00e3o sujeitos a altera\u00e7\u00f5es quinta| 01\/12\/22Sess\u00e3o #1Sess\u00e3o #1,5 sexta | 02\/12\/22Sess\u00e3o #2 s\u00e1bado | 03\/12\/22Sess\u00e3o #3Sess\u00e3o #3,5 domingo | 04\/12\/22Sess\u00e3o #4Sess\u00e3o [&hellip;]<\/p>\n","protected":false},"author":1,"featured_media":0,"parent":0,"menu_order":0,"comment_status":"closed","ping_status":"closed","template":"","meta":{"_themeisle_gutenberg_block_has_review":false,"footnotes":""},"class_list":["post-6647","page","type-page","status-publish","hentry"],"jetpack_sharing_enabled":true,"_links":{"self":[{"href":"https:\/\/acaoparamita.com.br\/en\/wp-json\/wp\/v2\/pages\/6647","targetHints":{"allow":["GET"]}}],"collection":[{"href":"https:\/\/acaoparamita.com.br\/en\/wp-json\/wp\/v2\/pages"}],"about":[{"href":"https:\/\/acaoparamita.com.br\/en\/wp-json\/wp\/v2\/types\/page"}],"author":[{"embeddable":true,"href":"https:\/\/acaoparamita.com.br\/en\/wp-json\/wp\/v2\/users\/1"}],"replies":[{"embeddable":true,"href":"https:\/\/acaoparamita.com.br\/en\/wp-json\/wp\/v2\/comments?post=6647"}],"version-history":[{"count":1,"href":"https:\/\/acaoparamita.com.br\/en\/wp-json\/wp\/v2\/pages\/6647\/revisions"}],"predecessor-version":[{"id":23710,"href":"https:\/\/acaoparamita.com.br\/en\/wp-json\/wp\/v2\/pages\/6647\/revisions\/23710"}],"wp:attachment":[{"href":"https:\/\/acaoparamita.com.br\/en\/wp-json\/wp\/v2\/media?parent=6647"}],"curies":[{"name":"wp","href":"https:\/\/api.w.org\/{rel}","templated":true}]}}

Retiro da Iluminação do Buda 2022

<p>Teachings by Lama Padma Samten in the <strong>Retiro | Iluminação do Buda 2022</strong>, transmitido ao vivo nos dias 01 a 08 de dezembro de 2022</p>



<h3 class="wp-block-heading">Lista de sessões</h3>



<p></p>



<h4 class="wp-block-heading">Os horários e a programação dos retiros estão sujeitos a alterações</h4>



<p>quinta| 01/12/22<br><a href="https://youtu.be/U4ND1WV-pt8" target="_blank" rel="noreferrer noopener">Sessão #1</a><br><a href="https://youtu.be/pPR-QsmWkkI" target="_blank" rel="noreferrer noopener">Sessão #1,5</a></p>



<p>sexta | 02/12/22<br><a href="https://youtu.be/WXchvqF-Pnc" target="_blank" rel="noreferrer noopener">Sessão #2</a><br></p>



<p>sábado | 03/12/22<br><a href="https://youtu.be/E82o_dESYLk" target="_blank" rel="noreferrer noopener">Sessão #3</a><br><a href="https://youtu.be/OaBtSRFiF2Q" target="_blank" rel="noreferrer noopener">Sessão #3,5</a><br><br>domingo | 04/12/22<br><a href="https://youtu.be/MjJAqGFkS1s" target="_blank" rel="noreferrer noopener">Sessão #4</a><br><a href="https://youtu.be/ZCIs_HUA1hI" target="_blank" rel="noreferrer noopener">Sessão #4,5</a><br></p>



<p>segunda | 05/12/22<br><a href="https://youtu.be/_CND0VqG0RM" target="_blank" rel="noreferrer noopener">Sessão #5</a><br></p>



<p>terça | 06/12/22<br><a href="https://youtu.be/gZbCODmaroo" target="_blank" rel="noreferrer noopener">Sessão #6</a><br><a href="https://youtu.be/dXnHQkkH8Bo" target="_blank" rel="noreferrer noopener">Sessão #6,5</a><br></p>



<p>quarta | 07/12/22<br><a href="https://youtu.be/fPEoJ0HIWBk" target="_blank" rel="noreferrer noopener">Sessão #7</a><br><a href="https://youtu.be/xqBNcOJ1y3Y" target="_blank" rel="noreferrer noopener">Sessão #7,5</a><br></p>



<p>quinta | 08/12/22<br><a href="https://youtu.be/GI3ih1nKmgY" target="_blank" rel="noreferrer noopener">Sessão #8</a></p>



<p><br></p>

<p>Ensinamentos com Lama Padma Samten no Retiro | Iluminação do Buda 2022, transmitido ao vivo nos dias 01 a 08 de dezembro de 2022 Lista de sessões Os horários e a programação dos retiros estão sujeitos a alterações quinta| 01/12/22Sessão #1Sessão #1,5 sexta | 02/12/22Sessão #2 sábado | 03/12/22Sessão #3Sessão #3,5 domingo | 04/12/22Sessão #4Sessão [&hellip;]</p>
