{"id":11513,"date":"2024-03-18T15:44:52","date_gmt":"2024-03-18T18:44:52","guid":{"rendered":"https:\/\/acaoparamita.com.br\/?post_type=product&#038;p=11513"},"modified":"2024-03-22T11:13:59","modified_gmt":"2024-03-22T14:13:59","slug":"inscricao-as-terras-puras-caminho-gradual","status":"publish","type":"product","link":"https:\/\/acaoparamita.com.br\/en\/ensinamentos\/inscricao-as-terras-puras-caminho-gradual\/","title":{"rendered":"Inscri\u00e7\u00e3o para o Retiro &#8220;As terras puras e o caminho gradual&#8221; | 26 a 28.04 de 2024"},"content":{"rendered":"<p><em>Esta p\u00e1gina \u00e9 referente apenas ao retiro on-line.<\/em><br \/>\n<strong><b>Period: <\/b><\/strong>De 26 a 28 de abril de 2024<br \/>\n<strong>Theme:<\/strong> As terras puras e o caminho gradual | CEBB Mendjila<\/p>\n<p>Estamos mudando a forma de inscri\u00e7\u00e3o para os estudos, retiros e palestras on-line. Dessa forma, cada pessoa ter\u00e1 um login e uma senha e\u00a0 precisar\u00e1 cadastrar seus dados apenas uma vez. Tamb\u00e9m cada pessoa ter\u00e1 o seu espa\u00e7o para consultar os retiros dos quais j\u00e1 participou. Se voc\u00ea tiver qualquer d\u00favida, pedimos que entre em contato com acaoparamita@gmail.com. Se voc\u00ea n\u00e3o leu os detalhes sobre o evento, <a href=\"https:\/\/cebb.org.br\/lama-samten-no-cebb-mendjila\/\">acesse o site do CEBB.<\/a><\/p>","protected":false},"excerpt":{"rendered":"<p><strong><b>Contribui\u00e7\u00e3o sugerida e pr\u00e1tica de generosidade<\/b><b>:<br \/>\n<\/b><\/strong>Sua inscri\u00e7\u00e3o e acesso online para o retiro independem de contribui\u00e7\u00e3o financeira. Caso seja poss\u00edvel contribuir, o valor sugerido \u00e9 de R$250,00.<\/p>","protected":false},"featured_media":11514,"comment_status":"closed","ping_status":"closed","template":"","meta":{"_themeisle_gutenberg_block_has_review":false},"product_brand":[],"product_cat":[153],"product_tag":[143],"class_list":{"0":"post-11513","1":"product","2":"type-product","3":"status-publish","4":"has-post-thumbnail","6":"product_cat-retiro-mendjila-abril-2024","7":"product_tag-visibilidade-produto-na-pagina-meu-espaco","9":"first","10":"instock","11":"downloadable","12":"virtual","13":"purchasable","14":"product-type-simple","15":"nyp-product"},"exclude_global_add_ons":[],"addons":[],"jetpack_sharing_enabled":true,"_links":{"self":[{"href":"https:\/\/acaoparamita.com.br\/en\/wp-json\/wp\/v2\/product\/11513","targetHints":{"allow":["GET"]}}],"collection":[{"href":"https:\/\/acaoparamita.com.br\/en\/wp-json\/wp\/v2\/product"}],"about":[{"href":"https:\/\/acaoparamita.com.br\/en\/wp-json\/wp\/v2\/types\/product"}],"replies":[{"embeddable":true,"href":"https:\/\/acaoparamita.com.br\/en\/wp-json\/wp\/v2\/comments?post=11513"}],"wp:featuredmedia":[{"embeddable":true,"href":"https:\/\/acaoparamita.com.br\/en\/wp-json\/wp\/v2\/media\/11514"}],"wp:attachment":[{"href":"https:\/\/acaoparamita.com.br\/en\/wp-json\/wp\/v2\/media?parent=11513"}],"wp:term":[{"taxonomy":"product_brand","embeddable":true,"href":"https:\/\/acaoparamita.com.br\/en\/wp-json\/wp\/v2\/product_brand?post=11513"},{"taxonomy":"product_cat","embeddable":true,"href":"https:\/\/acaoparamita.com.br\/en\/wp-json\/wp\/v2\/product_cat?post=11513"},{"taxonomy":"product_tag","embeddable":true,"href":"https:\/\/acaoparamita.com.br\/en\/wp-json\/wp\/v2\/product_tag?post=11513"}],"curies":[{"name":"wp","href":"https:\/\/api.w.org\/{rel}","templated":true}]}}

Inscrição para o Retiro &#8220;As terras puras e o caminho gradual&#8221; | 26 a 28.04 de 2024

<p><em>Esta página é referente apenas ao retiro on-line.</em><br />
<strong><b>Period: </b></strong>De 26 a 28 de abril de 2024<br />
<strong>Theme:</strong> As terras puras e o caminho gradual | CEBB Mendjila</p>
<p>Estamos mudando a forma de inscrição para os estudos, retiros e palestras on-line. Dessa forma, cada pessoa terá um login e uma senha e  precisará cadastrar seus dados apenas uma vez. Também cada pessoa terá o seu espaço para consultar os retiros dos quais já participou. Se você tiver qualquer dúvida, pedimos que entre em contato com acaoparamita@gmail.com. Se você não leu os detalhes sobre o evento, <a href="https://cebb.org.br/lama-samten-no-cebb-mendjila/">acesse o site do CEBB.</a></p>

<p><strong><b>Contribuição sugerida e prática de generosidade</b><b>:<br />
</b></strong>Sua inscrição e acesso online para o retiro independem de contribuição financeira. Caso seja possível contribuir, o valor sugerido é de R$250,00.</p>
