{"id":12725,"date":"2024-05-02T15:44:07","date_gmt":"2024-05-02T18:44:07","guid":{"rendered":"https:\/\/acaoparamita.com.br\/?post_type=product&#038;p=12725"},"modified":"2024-05-28T09:54:09","modified_gmt":"2024-05-28T12:54:09","slug":"palestra-o-caminho-budista-da-cura-da-mente-e-das-emocoes","status":"publish","type":"product","link":"https:\/\/acaoparamita.com.br\/en\/ensinamentos\/palestra-o-caminho-budista-da-cura-da-mente-e-das-emocoes\/","title":{"rendered":"Palestra &#8220;O Caminho Budista da Cura da Mente e das Emo\u00e7\u00f5es&#8221; BH | 23.05"},"content":{"rendered":"<p><em>Esta p\u00e1gina \u00e9 referente apenas ao evento on-line.<\/em><br \/>\n<strong><b>Data: <\/b><\/strong>23 de maio de 2024 (quinta-feira) \u2013 CEBB BH<br \/>\n<strong>Hor\u00e1rio: <\/strong>19:00h<br \/>\n<strong>Theme:\u00a0<\/strong> O Caminho Budista da Cura da Mente e das Emo\u00e7\u00f5es<\/p>\n<p>Estamos mudando a forma de inscri\u00e7\u00e3o para os estudos, retiros e palestras on-line. Dessa forma, cada pessoa ter\u00e1 um login e uma senha e\u00a0 precisar\u00e1 cadastrar seus dados apenas uma vez. Tamb\u00e9m cada pessoa ter\u00e1 o seu espa\u00e7o para consultar os retiros dos quais j\u00e1 participou. Se voc\u00ea tiver qualquer d\u00favida, pedimos que entre em contato com acaoparamita@gmail.com. Se voc\u00ea n\u00e3o leu os detalhes sobre o evento, <a href=\"https:\/\/cebb.org.br\/lama-samten-em-belo-horizonte-2024\/\">acesse o site do CEBB.<\/a><\/p>\n<p>&nbsp;<\/p>","protected":false},"excerpt":{"rendered":"<p><strong><b>Contribui\u00e7\u00e3o sugerida e pr\u00e1tica de generosidade<\/b><b>:<br \/>\n<\/b><\/strong>Sua inscri\u00e7\u00e3o e acesso online para o retiro independem de contribui\u00e7\u00e3o financeira. Caso seja poss\u00edvel contribuir, o valor sugerido \u00e9 de R$60,00.<\/p>","protected":false},"featured_media":12726,"comment_status":"closed","ping_status":"closed","template":"","meta":{"_themeisle_gutenberg_block_has_review":false},"product_brand":[],"product_cat":[163],"product_tag":[143],"class_list":{"0":"post-12725","1":"product","2":"type-product","3":"status-publish","4":"has-post-thumbnail","6":"product_cat-palestra-bh-2024","7":"product_tag-visibilidade-produto-na-pagina-meu-espaco","9":"first","10":"instock","11":"downloadable","12":"virtual","13":"purchasable","14":"product-type-simple","15":"nyp-product"},"exclude_global_add_ons":[],"addons":[],"jetpack_sharing_enabled":true,"_links":{"self":[{"href":"https:\/\/acaoparamita.com.br\/en\/wp-json\/wp\/v2\/product\/12725","targetHints":{"allow":["GET"]}}],"collection":[{"href":"https:\/\/acaoparamita.com.br\/en\/wp-json\/wp\/v2\/product"}],"about":[{"href":"https:\/\/acaoparamita.com.br\/en\/wp-json\/wp\/v2\/types\/product"}],"replies":[{"embeddable":true,"href":"https:\/\/acaoparamita.com.br\/en\/wp-json\/wp\/v2\/comments?post=12725"}],"wp:featuredmedia":[{"embeddable":true,"href":"https:\/\/acaoparamita.com.br\/en\/wp-json\/wp\/v2\/media\/12726"}],"wp:attachment":[{"href":"https:\/\/acaoparamita.com.br\/en\/wp-json\/wp\/v2\/media?parent=12725"}],"wp:term":[{"taxonomy":"product_brand","embeddable":true,"href":"https:\/\/acaoparamita.com.br\/en\/wp-json\/wp\/v2\/product_brand?post=12725"},{"taxonomy":"product_cat","embeddable":true,"href":"https:\/\/acaoparamita.com.br\/en\/wp-json\/wp\/v2\/product_cat?post=12725"},{"taxonomy":"product_tag","embeddable":true,"href":"https:\/\/acaoparamita.com.br\/en\/wp-json\/wp\/v2\/product_tag?post=12725"}],"curies":[{"name":"wp","href":"https:\/\/api.w.org\/{rel}","templated":true}]}}

Palestra &#8220;O Caminho Budista da Cura da Mente e das Emoções&#8221; BH | 23.05

<p><em>Esta página é referente apenas ao evento on-line.</em><br />
<strong><b>Data: </b></strong>23 de maio de 2024 (quinta-feira) – CEBB BH<br />
<strong>Horário: </strong>19:00h<br />
<strong>Theme: </strong> O Caminho Budista da Cura da Mente e das Emoções</p>
<p>Estamos mudando a forma de inscrição para os estudos, retiros e palestras on-line. Dessa forma, cada pessoa terá um login e uma senha e  precisará cadastrar seus dados apenas uma vez. Também cada pessoa terá o seu espaço para consultar os retiros dos quais já participou. Se você tiver qualquer dúvida, pedimos que entre em contato com acaoparamita@gmail.com. Se você não leu os detalhes sobre o evento, <a href="https://cebb.org.br/lama-samten-em-belo-horizonte-2024/">acesse o site do CEBB.</a></p>
<p>&nbsp;</p>

<p><strong><b>Contribuição sugerida e prática de generosidade</b><b>:<br />
</b></strong>Sua inscrição e acesso online para o retiro independem de contribuição financeira. Caso seja possível contribuir, o valor sugerido é de R$60,00.</p>
