{"id":21965,"date":"2025-07-02T08:51:04","date_gmt":"2025-07-02T11:51:04","guid":{"rendered":"https:\/\/acaoparamita.com.br\/?post_type=product&#038;p=21965"},"modified":"2025-07-02T11:16:57","modified_gmt":"2025-07-02T14:16:57","slug":"inscricao-palestra-meditacao-em-tempos-de-aceleracao-e-ansiedade","status":"publish","type":"product","link":"https:\/\/acaoparamita.com.br\/en\/ensinamentos\/inscricao-palestra-meditacao-em-tempos-de-aceleracao-e-ansiedade\/","title":{"rendered":"Palestra &#8220;Medita\u00e7\u00e3o em Tempos de Acelera\u00e7\u00e3o e Ansiedade&#8221; CEBB Niter\u00f3i"},"content":{"rendered":"<p><em>Esta p\u00e1gina \u00e9 referente apenas ao evento on-line.<\/em><br \/>\n<strong><b>Data: <\/b><\/strong>09 de julho de 2025 (quarta-feira) \u2013 CEBB Niter\u00f3i<br \/>\n<strong>Hor\u00e1rio: 19h<\/strong><br \/>\n<strong>Theme:\u00a0<\/strong>Medita\u00e7\u00e3o em Tempos de Acelera\u00e7\u00e3o e Ansiedade<\/p>\n<p><strong>Se voc\u00ea j\u00e1 tem um login e senha no site da A\u00e7\u00e3o Paramita, basta us\u00e1-lo!<\/strong><\/p>\n<p>Estamos mudando a forma de inscri\u00e7\u00e3o para os estudos, retiros e palestras. Dessa forma, cada pessoa ter\u00e1 um login e uma senha e\u00a0 precisar\u00e1 cadastrar seus dados apenas uma vez. Se voc\u00ea tiver qualquer d\u00favida, pedimos que entre em contato com acaoparamita@gmail.com. Se voc\u00ea n\u00e3o leu os detalhes sobre o evento, <a href=\"https:\/\/cebb.org.br\/palestra-com-lama-padma-samten-i-meditacao-em-tempos-de-aceleracao-e-ansiedade\/\">acesse o site do CEBB<\/a>.<\/p>\n<p>&nbsp;<\/p>","protected":false},"excerpt":{"rendered":"<p><strong><b>Contribui\u00e7\u00e3o sugerida e pr\u00e1tica de generosidade<\/b><b>:<br \/>\n<\/b><\/strong>Sua inscri\u00e7\u00e3o e acesso online para o retiro independem de contribui\u00e7\u00e3o financeira. Caso seja poss\u00edvel contribuir, o valor sugerido \u00e9 de R$60,00.<\/p>","protected":false},"featured_media":14721,"comment_status":"closed","ping_status":"closed","template":"","meta":{"_themeisle_gutenberg_block_has_review":false},"product_brand":[],"product_cat":[252],"product_tag":[143],"class_list":{"0":"post-21965","1":"product","2":"type-product","3":"status-publish","4":"has-post-thumbnail","6":"product_cat-palestra-niteroi-25","7":"product_tag-visibilidade-produto-na-pagina-meu-espaco","9":"first","10":"instock","11":"downloadable","12":"virtual","13":"purchasable","14":"product-type-simple","15":"nyp-product"},"exclude_global_add_ons":[],"addons":[],"jetpack_sharing_enabled":true,"_links":{"self":[{"href":"https:\/\/acaoparamita.com.br\/en\/wp-json\/wp\/v2\/product\/21965","targetHints":{"allow":["GET"]}}],"collection":[{"href":"https:\/\/acaoparamita.com.br\/en\/wp-json\/wp\/v2\/product"}],"about":[{"href":"https:\/\/acaoparamita.com.br\/en\/wp-json\/wp\/v2\/types\/product"}],"replies":[{"embeddable":true,"href":"https:\/\/acaoparamita.com.br\/en\/wp-json\/wp\/v2\/comments?post=21965"}],"wp:featuredmedia":[{"embeddable":true,"href":"https:\/\/acaoparamita.com.br\/en\/wp-json\/wp\/v2\/media\/14721"}],"wp:attachment":[{"href":"https:\/\/acaoparamita.com.br\/en\/wp-json\/wp\/v2\/media?parent=21965"}],"wp:term":[{"taxonomy":"product_brand","embeddable":true,"href":"https:\/\/acaoparamita.com.br\/en\/wp-json\/wp\/v2\/product_brand?post=21965"},{"taxonomy":"product_cat","embeddable":true,"href":"https:\/\/acaoparamita.com.br\/en\/wp-json\/wp\/v2\/product_cat?post=21965"},{"taxonomy":"product_tag","embeddable":true,"href":"https:\/\/acaoparamita.com.br\/en\/wp-json\/wp\/v2\/product_tag?post=21965"}],"curies":[{"name":"wp","href":"https:\/\/api.w.org\/{rel}","templated":true}]}}

Palestra &#8220;Meditação em Tempos de Aceleração e Ansiedade&#8221; CEBB Niterói

<p><em>Esta página é referente apenas ao evento on-line.</em><br />
<strong><b>Data: </b></strong>09 de julho de 2025 (quarta-feira) – CEBB Niterói<br />
<strong>Horário: 19h</strong><br />
<strong>Theme: </strong>Meditação em Tempos de Aceleração e Ansiedade</p>
<p><strong>Se você já tem um login e senha no site da Ação Paramita, basta usá-lo!</strong></p>
<p>Estamos mudando a forma de inscrição para os estudos, retiros e palestras. Dessa forma, cada pessoa terá um login e uma senha e  precisará cadastrar seus dados apenas uma vez. Se você tiver qualquer dúvida, pedimos que entre em contato com acaoparamita@gmail.com. Se você não leu os detalhes sobre o evento, <a href="https://cebb.org.br/palestra-com-lama-padma-samten-i-meditacao-em-tempos-de-aceleracao-e-ansiedade/">acesse o site do CEBB</a>.</p>
<p>&nbsp;</p>

<p><strong><b>Contribuição sugerida e prática de generosidade</b><b>:<br />
</b></strong>Sua inscrição e acesso online para o retiro independem de contribuição financeira. Caso seja possível contribuir, o valor sugerido é de R$60,00.</p>
