{"id":26741,"date":"2026-02-20T17:27:12","date_gmt":"2026-02-20T20:27:12","guid":{"rendered":"https:\/\/acaoparamita.com.br\/?post_type=product&#038;p=26741"},"modified":"2026-03-24T14:10:06","modified_gmt":"2026-03-24T17:10:06","slug":"apoio-praticante","status":"publish","type":"product","link":"https:\/\/acaoparamita.com.br\/en\/ensinamentos\/apoio-praticante\/","title":{"rendered":"Fundo de apoio ao praticante"},"content":{"rendered":"<p>Nas aldeias e centros de retiro cresce, com alegria, o n\u00famero de pessoas que dedicam um per\u00edodo da vida \u00e0 pr\u00e1tica. A rotina geralmente come\u00e7a com a medita\u00e7\u00e3o e o puja da manh\u00e3 e se encerra com o puja da noite, variando entre sil\u00eancio, estudos e atividades de sustenta\u00e7\u00e3o do pr\u00f3prio centro.<\/p>\n<p>Uma das principais aspira\u00e7\u00f5es do Lama Samten \u00e9 apoiar tanto os praticantes quanto esses espa\u00e7os de retiro. Esses locais de sil\u00eancio s\u00e3o uma grande d\u00e1diva, pois possibilitam o aprofundamento na medita\u00e7\u00e3o e fortalecem a sanga por meio da dedica\u00e7\u00e3o coletiva.<\/p>\n<p>Se voc\u00ea v\u00ea m\u00e9rito nessa aspira\u00e7\u00e3o e deseja apoiar a continuidade dessas atividades, pode se tornar um apoiador do Darma, contribuindo com uma oferenda pontual ou mensal pelos dados abaixo.<\/p>","protected":false},"excerpt":{"rendered":"<p><b>Como a sanga pode se organizar, viver nas mais variadas circunst\u00e2ncias e gerar condi\u00e7\u00f5es para aprofundar na pr\u00e1tica nos tempos atuais e em uma sociedade ocidental?<\/b><\/p>\n<p><span style=\"font-weight: 400;\">Os ensinamentos do Buda permanecem vivos at\u00e9 hoje em muitos diferentes tipos de pr\u00e1tica e de vidas que foram capazes de manifest\u00e1-los. Mon\u00e1sticos, eruditos, iogues, leigos, praticantes t\u00e2ntricos, todos apoiando-se mutuamente &#8211; e tamb\u00e9m tensionando as pr\u00e1ticas uns dos outros &#8211; s\u00e3o fundamentais para que a lucidez se manifeste em todos os ambientes e dire\u00e7\u00f5es poss\u00edveis. Se tivermos praticantes s\u00f3 de um tipo, n\u00e3o funciona. Se faltar algum, esse peda\u00e7o tamb\u00e9m fica obscuro.<\/span><\/p>\n<p><span style=\"font-weight: 400;\">Lama Padma Samten diz que somos bhikkhus leigos. N\u00e3o somos monges, n\u00e3o somos iogues retirados nas florestas, nem eruditos, e temos uma pr\u00e1tica t\u00e2ntrica limitada. O Buda chamava sua sanga de uma sanga de bhikkhus &#8211; aqueles que transformam todas as apar\u00eancias em caminho, ou seja, est\u00e3o no caminho da pr\u00e1tica da lucidez. Como sanga, nosso mestre nos convida a vermos a n\u00f3s mesmos e nossa pr\u00e1tica dessa forma e, assim, independente de onde estivermos e da forma que vivermos estaremos praticando isso.<\/span><\/p>\n<p><span style=\"font-weight: 400;\">Com a chegada dos mestres do budismo zen e tibetano no s\u00e9culo passado e a expans\u00e3o do budismo no Brasil, muitas pessoas puderam incorporar o darma em suas vidas como leigos e at\u00e9, em algum n\u00edvel, como eruditos. Tamb\u00e9m vimos crescer nas sangas a aspira\u00e7\u00e3o de viver uma vida dedicada ao Darma, seja em um formato mon\u00e1stico, ou como iogues ou praticantes t\u00e2ntricos, e aprofundar o aspecto pr\u00e1tico. Em nossa sanga \u00e9 poss\u00edvel ver que muitas pessoas j\u00e1 passearam por esses diferentes tipos de vida e pr\u00e1tica e perceberam que circular entre eles permite que os diferentes obst\u00e1culos possam ser reconhecidos e ultrapassados.<\/span><\/p>\n<p><span style=\"font-weight: 400;\">Durante muitos retiros, Lama Samten comenta da \u00edntima rela\u00e7\u00e3o de sustenta\u00e7\u00e3o m\u00fatua entre as aldeias e os praticantes mon\u00e1sticos. As crian\u00e7as das aldeias v\u00e3o para os monast\u00e9rios, recebem a educa\u00e7\u00e3o tradicional, ensinamentos e instru\u00e7\u00f5es de pr\u00e1tica e depois de muitos anos de dedica\u00e7\u00e3o focada ao darma, retornam \u00e0 aldeia e se tornam os mestres, m\u00e9dicos, especialistas em atender as necessidades da comunidade, ou permanecem nos centros de darma, sustentando a continuidade da pr\u00e1tica e das condi\u00e7\u00f5es para que outros praticantes tamb\u00e9m possam se dedicar a esse darma. A grande sanga sustenta materialmente os praticantes e os praticantes sustentam a conex\u00e3o com o aspecto sutil e secreto, todos manifestando a mente dos mestres e budas nas suas diferentes faces.<\/span><\/p>\n<p><span style=\"font-weight: 400;\">No Brasil tudo isso \u00e9 muito recente, mas j\u00e1 podemos ver o quanto disso floresceu na sanga do CEBB. Com 10 aldeias espalhadas pelo Brasil, mais de 50 centros e grupos de estudos e uma sanga online espalhada pelo pa\u00eds e pelo mundo, os p\u00e9s de l\u00f3tus de Lama Padma Samten continuam inspirando o aprofundamento e a dedica\u00e7\u00e3o \u00e0 pr\u00e1tica em cada um de n\u00f3s.<\/span><\/p>\n<p><span style=\"font-weight: 400;\">Nas aldeias e centros de retiro \u00e9 poss\u00edvel ver com alegria o n\u00famero de pessoas que querem dedicar um tempo da sua vida \u00e0 pr\u00e1tica aumentar a cada dia. Nestes locais a rotina de pr\u00e1tica inicia com a medita\u00e7\u00e3o e o puja da manh\u00e3 e se encerra com o puja da noite e, dependendo do centro, as pr\u00e1ticas durante o dia variam desde o completo foco no sil\u00eancio e em estudos at\u00e9 o engajamento nas a\u00e7\u00f5es de sustenta\u00e7\u00e3o das atividades do pr\u00f3prio centro com outros praticantes e moradores.<\/span><\/p>\n<p><span style=\"font-weight: 400;\">Uma das principais aspira\u00e7\u00f5es do Lama Samten \u00e9 apoiar os praticantes e os locais de retiro. \u00c9 uma grande d\u00e1diva existirem espa\u00e7os de sil\u00eancio que possibilitem o aprofundamento na pr\u00e1tica de medita\u00e7\u00e3o e tamb\u00e9m surgirem praticantes com essa aspira\u00e7\u00e3o. Uma riqueza para a sanga tamb\u00e9m \u00e9 o surgimento de seres que possam apoiar a sustenta\u00e7\u00e3o destes locais e praticantes e que veem os m\u00e9ritos desse movimento. Dessa forma os diferentes tipos de praticantes e pr\u00e1ticas podem ser contemplados e a sanga como um todo \u00e9 capaz de se beneficiar com a clarifica\u00e7\u00e3o das apar\u00eancias que poderiam ficar obscuras sem essa dedica\u00e7\u00e3o.<\/span><\/p>\n<p><span style=\"font-weight: 400;\">Se voc\u00ea v\u00ea m\u00e9rito nessa aspira\u00e7\u00e3o e gostaria de ser um patrono(a), benfeitor(a) do Darma, apoiar a sustenta\u00e7\u00e3o das atividades que permitem que praticantes aprofundem na pr\u00e1tica nestes centros de retiro, voc\u00ea pode fazer uma oferenda pontual ou mensal com os dados abaixo.\u00a0<\/span><\/p>\n<p>&nbsp;<\/p>\n<p><i><span style=\"font-weight: 400;\">\u201cA gente n\u00e3o vive de uma intelig\u00eancia individual, a gente precisa de uma intelig\u00eancia coletiva, de uma rede que apoie. E dentro dessa rede n\u00f3s somos apoiados tamb\u00e9m. Esta rede \u00e9 baseada nas quatro qualidades incomensur\u00e1veis, nas seis perfei\u00e7\u00f5es e nas cinco sabedorias. N\u00f3s nos estruturamos deste modo, estabelecemos as rela\u00e7\u00f5es a partir desses referenciais. Esse ref\u00fagio na sanga produz esta rede. Ela \u00e9 um ve\u00edculo, alguma coisa crucial para nos mantermos andando.\u201d<\/span><\/i><\/p>\n<p><span style=\"font-weight: 400;\">\u2014Lama Padma Samten<\/span><\/p>\n<p>&nbsp;<\/p>\n<p>&nbsp;<\/p>\n<p>A gest\u00e3o do fundo e a destina\u00e7\u00e3o dos recursos ser\u00e1 feita pelo nosso professor <em>Lama Padma Samten.<\/em><\/p>","protected":false},"featured_media":26767,"comment_status":"closed","ping_status":"closed","template":"","meta":{"_themeisle_gutenberg_block_has_review":false},"product_brand":[],"product_cat":[117],"product_tag":[],"class_list":{"0":"post-26741","1":"product","2":"type-product","3":"status-publish","4":"has-post-thumbnail","6":"product_cat-uncategorized","8":"first","9":"instock","10":"downloadable","11":"virtual","12":"purchasable","13":"product-type-simple"},"exclude_global_add_ons":false,"addons":[{"name":"Contribui\u00e7\u00e3o, preencha abaixo e siga para a finaliza\u00e7\u00e3o:","type":"custom_price","position":0,"required":true,"title_format":"label","default":"","description_enable":false,"description":"","placeholder_enable":false,"placeholder":"","display":"select","restrictions_type":"any_text","adjust_price":false,"price":"","price_type":"quantity_based","restrictions":false,"min":"0","max":"0","options":[],"id":1772118082}],"jetpack_sharing_enabled":true,"_links":{"self":[{"href":"https:\/\/acaoparamita.com.br\/en\/wp-json\/wp\/v2\/product\/26741","targetHints":{"allow":["GET"]}}],"collection":[{"href":"https:\/\/acaoparamita.com.br\/en\/wp-json\/wp\/v2\/product"}],"about":[{"href":"https:\/\/acaoparamita.com.br\/en\/wp-json\/wp\/v2\/types\/product"}],"replies":[{"embeddable":true,"href":"https:\/\/acaoparamita.com.br\/en\/wp-json\/wp\/v2\/comments?post=26741"}],"wp:featuredmedia":[{"embeddable":true,"href":"https:\/\/acaoparamita.com.br\/en\/wp-json\/wp\/v2\/media\/26767"}],"wp:attachment":[{"href":"https:\/\/acaoparamita.com.br\/en\/wp-json\/wp\/v2\/media?parent=26741"}],"wp:term":[{"taxonomy":"product_brand","embeddable":true,"href":"https:\/\/acaoparamita.com.br\/en\/wp-json\/wp\/v2\/product_brand?post=26741"},{"taxonomy":"product_cat","embeddable":true,"href":"https:\/\/acaoparamita.com.br\/en\/wp-json\/wp\/v2\/product_cat?post=26741"},{"taxonomy":"product_tag","embeddable":true,"href":"https:\/\/acaoparamita.com.br\/en\/wp-json\/wp\/v2\/product_tag?post=26741"}],"curies":[{"name":"wp","href":"https:\/\/api.w.org\/{rel}","templated":true}]}}

<p>Nas aldeias e centros de retiro cresce, com alegria, o número de pessoas que dedicam um período da vida à prática. A rotina geralmente começa com a meditação e o puja da manhã e se encerra com o puja da noite, variando entre silêncio, estudos e atividades de sustentação do próprio centro.</p>
<p>Uma das principais aspirações do Lama Samten é apoiar tanto os praticantes quanto esses espaços de retiro. Esses locais de silêncio são uma grande dádiva, pois possibilitam o aprofundamento na meditação e fortalecem a sanga por meio da dedicação coletiva.</p>
<p>Se você vê mérito nessa aspiração e deseja apoiar a continuidade dessas atividades, pode se tornar um apoiador do Darma, contribuindo com uma oferenda pontual ou mensal pelos dados abaixo.</p>

<p><b>Como a sanga pode se organizar, viver nas mais variadas circunstâncias e gerar condições para aprofundar na prática nos tempos atuais e em uma sociedade ocidental?</b></p>
<p><span style="font-weight: 400;">Os ensinamentos do Buda permanecem vivos até hoje em muitos diferentes tipos de prática e de vidas que foram capazes de manifestá-los. Monásticos, eruditos, iogues, leigos, praticantes tântricos, todos apoiando-se mutuamente &#8211; e também tensionando as práticas uns dos outros &#8211; são fundamentais para que a lucidez se manifeste em todos os ambientes e direções possíveis. Se tivermos praticantes só de um tipo, não funciona. Se faltar algum, esse pedaço também fica obscuro.</span></p>
<p><span style="font-weight: 400;">Lama Padma Samten diz que somos bhikkhus leigos. Não somos monges, não somos iogues retirados nas florestas, nem eruditos, e temos uma prática tântrica limitada. O Buda chamava sua sanga de uma sanga de bhikkhus &#8211; aqueles que transformam todas as aparências em caminho, ou seja, estão no caminho da prática da lucidez. Como sanga, nosso mestre nos convida a vermos a nós mesmos e nossa prática dessa forma e, assim, independente de onde estivermos e da forma que vivermos estaremos praticando isso.</span></p>
<p><span style="font-weight: 400;">Com a chegada dos mestres do budismo zen e tibetano no século passado e a expansão do budismo no Brasil, muitas pessoas puderam incorporar o darma em suas vidas como leigos e até, em algum nível, como eruditos. Também vimos crescer nas sangas a aspiração de viver uma vida dedicada ao Darma, seja em um formato monástico, ou como iogues ou praticantes tântricos, e aprofundar o aspecto prático. Em nossa sanga é possível ver que muitas pessoas já passearam por esses diferentes tipos de vida e prática e perceberam que circular entre eles permite que os diferentes obstáculos possam ser reconhecidos e ultrapassados.</span></p>
<p><span style="font-weight: 400;">Durante muitos retiros, Lama Samten comenta da íntima relação de sustentação mútua entre as aldeias e os praticantes monásticos. As crianças das aldeias vão para os monastérios, recebem a educação tradicional, ensinamentos e instruções de prática e depois de muitos anos de dedicação focada ao darma, retornam à aldeia e se tornam os mestres, médicos, especialistas em atender as necessidades da comunidade, ou permanecem nos centros de darma, sustentando a continuidade da prática e das condições para que outros praticantes também possam se dedicar a esse darma. A grande sanga sustenta materialmente os praticantes e os praticantes sustentam a conexão com o aspecto sutil e secreto, todos manifestando a mente dos mestres e budas nas suas diferentes faces.</span></p>
<p><span style="font-weight: 400;">No Brasil tudo isso é muito recente, mas já podemos ver o quanto disso floresceu na sanga do CEBB. Com 10 aldeias espalhadas pelo Brasil, mais de 50 centros e grupos de estudos e uma sanga online espalhada pelo país e pelo mundo, os pés de lótus de Lama Padma Samten continuam inspirando o aprofundamento e a dedicação à prática em cada um de nós.</span></p>
<p><span style="font-weight: 400;">Nas aldeias e centros de retiro é possível ver com alegria o número de pessoas que querem dedicar um tempo da sua vida à prática aumentar a cada dia. Nestes locais a rotina de prática inicia com a meditação e o puja da manhã e se encerra com o puja da noite e, dependendo do centro, as práticas durante o dia variam desde o completo foco no silêncio e em estudos até o engajamento nas ações de sustentação das atividades do próprio centro com outros praticantes e moradores.</span></p>
<p><span style="font-weight: 400;">Uma das principais aspirações do Lama Samten é apoiar os praticantes e os locais de retiro. É uma grande dádiva existirem espaços de silêncio que possibilitem o aprofundamento na prática de meditação e também surgirem praticantes com essa aspiração. Uma riqueza para a sanga também é o surgimento de seres que possam apoiar a sustentação destes locais e praticantes e que veem os méritos desse movimento. Dessa forma os diferentes tipos de praticantes e práticas podem ser contemplados e a sanga como um todo é capaz de se beneficiar com a clarificação das aparências que poderiam ficar obscuras sem essa dedicação.</span></p>
<p><span style="font-weight: 400;">Se você vê mérito nessa aspiração e gostaria de ser um patrono(a), benfeitor(a) do Darma, apoiar a sustentação das atividades que permitem que praticantes aprofundem na prática nestes centros de retiro, você pode fazer uma oferenda pontual ou mensal com os dados abaixo. </span></p>
<p>&nbsp;</p>
<p><i><span style="font-weight: 400;">“A gente não vive de uma inteligência individual, a gente precisa de uma inteligência coletiva, de uma rede que apoie. E dentro dessa rede nós somos apoiados também. Esta rede é baseada nas quatro qualidades incomensuráveis, nas seis perfeições e nas cinco sabedorias. Nós nos estruturamos deste modo, estabelecemos as relações a partir desses referenciais. Esse refúgio na sanga produz esta rede. Ela é um veículo, alguma coisa crucial para nos mantermos andando.”</span></i></p>
<p><span style="font-weight: 400;">—Lama Padma Samten</span></p>
<p>&nbsp;</p>
<p>&nbsp;</p>
<p>A gestão do fundo e a destinação dos recursos será feita pelo nosso professor <em>Lama Padma Samten.</em></p>

Contribuição, preencha abaixo e siga para a finalização:
